lculate p(11).
6
Let h(t) = -3*t**3 - 454*t**2 + 1239*t + 1082. Determine h(-154).
4
Let m(j) = -j**2 - 103*j + 197. What is m(2)?
-13
Let n(u) = -50*u - 674. Calculate n(-14).
26
Let j(q) = 5*q**2 + 9*q - 395. What is j(-10)?
15
Let n(l) = -34*l - 1255. Give n(-35).
-65
Let z(w) = -w**2 - 13*w - 30. Give z(-6).
12
Let r(v) = -9*v**2 - 347*v - 2109. What is r(-31)?
-1
Let b(g) = -3*g**3 + 718*g**2 - 210*g - 6939. Give b(239).
-8
Let j(d) = -10*d - 10. Give j(17).
-180
Let n(t) = 26*t - 281. Give n(-9).
-515
Let b(y) = -3*y**3 + 7*y**2 - 8*y - 7. Determine b(4).
-119
Let z(b) = -123*b**2 + 1316*b - 866. Give z(10).
-6
Let l(p) = -9*p - 178. What is l(-28)?
74
Let u(r) = 51*r - 29. Determine u(3).
124
Let u(i) = 1858*i - 1855. Give u(1).
3
Let a(v) = 3*v**3 - 145*v**2 + 55*v - 229. Give a(48).
107
Let w(j) = 13*j - 1. Calculate w(0).
-1
Let u(b) = -135*b - 1093. What is u(-10)?
257
Let a(l) = l**3 + 2*l**2 + 62. Determine a(0).
62
Let z(l) = 9*l - 97. What is z(4)?
-61
Let k(a) = -646*a - 5173. Calculate k(-8).
-5
Let v(k) = k**3 - 32*k**2 - 186*k + 24. Calculate v(37).
-13
Let g(i) = 1247*i - 2488. What is g(2)?
6
Let q(o) = -6*o**2 - 641*o - 526. Determine q(-106).
4
Let i(k) = -338*k + 710. Determine i(5).
-980
Let n(s) = -126*s - 5919. Give n(-47).
3
Let p(l) = -35*l + 56. Give p(3).
-49
Let f(u) = u**2 - 355*u - 16675. Determine f(-42).
-1
Let m(h) = -5*h**2 + 26*h + 45. Determine m(9).
-126
Let a(r) = 985*r - 3968. Give a(4).
-28
Let i(w) = 244*w + 2139. Determine i(-10).
-301
Let t(m) = -13*m**2 + 18*m + 27. What is t(-9)?
-1188
Let x(z) = 15*z + 190. Calculate x(30).
640
Let t(o) = -2*o**3 - 28*o**2 + 108*o + 111. Determine t(-17).
9
Let x(s) = -s**3 - 9*s**2 - 7*s - 173. What is x(-10)?
-3
Let w(u) = -212*u - 5996. Calculate w(-28).
-60
Let y(j) = -633*j - 6336. Determine y(-10).
-6
Let d(x) = 25*x - 1639. Give d(64).
-39
Let s(u) = -u**2 + 377*u + 2686. What is s(-7)?
-2
Let q(w) = -w**3 + w**2 - 6*w + 8. Calculate q(3).
-28
Let p(v) = -211*v - 633. Give p(-3).
0
Let r(d) = -2*d**3 - 16*d + 13. Determine r(0).
13
Let m(s) = -21*s**2 + 17*s + 3. What is m(-3)?
-237
Let t(q) = q**3 + 46*q**2 + 407*q - 53. What is t(-34)?
-19
Let c(d) = -776*d + 6895. Calculate c(9).
-89
Let b(u) = 14*u**2 + 1467*u - 294. Determine b(-105).
21
Let d(m) = m**3 - 86*m**2 - 363*m + 31226. Calculate d(86).
8
Let m(j) = -56*j + 3240. Calculate m(58).
-8
Let g(d) = 69*d + 475. Calculate g(-7).
-8
Let x(n) = 3*n**2 + 427*n + 4460. Give x(-131).
6
Let c(i) = -1382*i - 8277. What is c(-6)?
15
Let d(b) = -b**3 - 9*b**2 - 2*b + 34. Give d(-8).
-14
Let s(l) = 2*l**3 - 124*l**2 + 6*l - 362. Give s(62).
10
Let g(x) = -9*x - 386. Calculate g(-34).
-80
Let i(h) = 585*h + 235169. What is i(-402)?
-1
Let a(s) = 6*s**2 + 20*s - 87. Calculate a(4).
89
Let p(g) = 2*g**3 - 66*g**2 + 68*g + 29. Determine p(32).
157
Let j(i) = -3*i**3 - 33*i**2 - 11*i + 38. Determine j(-10).
-152
Let i(s) = -s**3 + 46*s**2 - 46*s - 136. Determine i(45).
-181
Let r(n) = -n**3 - 16*n**2 + 3*n - 87. What is r(-16)?
-135
Let g(q) = -2*q**3 + 24*q**2 - 63*q - 3. Calculate g(8).
5
Let h(u) = 2*u**2 + 39*u + 46. Calculate h(-14).
-108
Let y(u) = u**2 - 1155*u - 8. Give y(0).
-8
Let a(r) = -r + 6. What is a(-14)?
20
Let i(z) = -6*z + 30. Calculate i(3).
12
Let n(f) = f**3 + 9*f**2 - 2*f - 130. Give n(-7).
-18
Let n(l) = -26*l**2 + 119*l + 218. What is n(6)?
-4
Let t(u) = -u**3 + 2*u**2 - 11*u - 21. Calculate t(-8).
707
Let v(l) = -50*l - 781. What is v(-12)?
-181
Let n(b) = 5*b**2 - 899*b + 3523. What is n(4)?
7
Let v(t) = -49*t - 1402. Determine v(-34).
264
Let p(j) = 17*j**3 + 2*j**2 - 11*j + 2. Give p(2).
124
Let d(z) = -z**2 - z + 13. What is d(10)?
-97
Let v(u) = 75*u - 27. Give v(-1).
-102
Let u(m) = -3717*m + 11156. What is u(3)?
5
Let p(c) = c**2 - 29*c + 262. Give p(12).
58
Let k(j) = 41*j - 413. Give k(4).
-249
Let l(x) = -8*x**3 - 3*x**2 + 5*x - 19. Give l(-4).
425
Let s(u) = -409*u - 11064. What is s(-27)?
-21
Let g(s) = -s**3 + 2*s**2 + 16*s - 22. Determine g(-4).
10
Let m(f) = f**3 - 19*f**2 - 71*f + 66. Determine m(22).
-44
Let i(d) = 27*d + 991. Give i(-18).
505
Let j(v) = -248*v - 704. Give j(-3).
40
Let s(t) = -74*t + 489. Determine s(12).
-399
Let k(z) = z**2 + 292*z + 21245. Give k(-137).
10
Let r(m) = 60*m**2 - 19*m + 21. What is r(1)?
62
Let l(n) = -26*n**2 + 5*n - 2. Give l(2).
-96
Let q(x) = -862*x + 29293. Give q(34).
-15
Let j(z) = 2*z**3 + 12*z**2 + 10*z + 46. Calculate j(-6).
-14
Let u(w) = -211*w - 8. Give u(-1).
203
Let w(c) = c**2 - 31*c + 228. Calculate w(17).
-10
Let o(z) = -36*z - 774. Calculate o(-23).
54
Let z(o) = o**2 - 320*o + 944. Calculate z(3).
-7
Let z(j) = -j**3 - 9*j**2 - 41*j + 3. What is z(-6)?
141
Let o(s) = -232*s - 4204. Give o(-18).
-28
Let s(n) = 6*n**3 - 17*n**2 + 4*n + 1. Give s(-2).
-123
Let w(g) = -105*g - 2654. Determine w(-25).
-29
Let c(h) = 4*h - 51. Determine c(25).
49
Let v(s) = s**3 + 21*s**2 + 27*s - 17. Calculate v(-19).
192
Let y(z) = 7*z + 423. Determine y(-61).
-4
Let x(w) = -634*w + 1889. Determine x(3).
-13
Let q(z) = -z**2 + 4599*z - 105254. Determine q(23).
-6
Let s(t) = -2535*t - 40567. Give s(-16).
-7
Let t(c) = c - 30. Give t(-9).
-39
Let z(p) = 5*p + 83. Calculate z(-4).
63
Let d(z) = z**3 + 9*z**2 - z + 67. Give d(-10).
-23
Let r(c) = -2*c**3 + 6*c**2 + 3*c - 13. Give r(6).
-211
Let s(f) = 34*f + 17. What is s(-2)?
-51
Let s(p) = 43*p**2 + 214*p + 10. What is s(-5)?
15
Let k(d) = 3*d**3 + 59*d**2 + 52*d + 240. Calculate k(-19).
-26
Let y(k) = -2*k**2 + 10*k - 52. What is y(8)?
-100
Let w(c) = -20*c - 149. Give w(-5).
-49
Let x(g) = -40*g - 1637. Determine x(-23).
-717
Let u(v) = -v**2 - 59*v - 577. Determine u(-47).
-13
Let i(l) = -l**3 + 4*l**2 + 3*l + 28. Determine i(5).
18
Let m(n) = 305*n - 2742. Calculate m(9).
3
Let k(w) = -w**3 + 6*w**2 + 475*w + 25. Determine k(25).
25
Let x(q) = 2*q**2 + 106*q - 1495. Calculate x(-64).
-87
Let q(w) = 61*w**2 + 5426*w - 261. What is q(-89)?
6
Let d(f) = 8*f**2 + 172*f - 5. Determine d(0).
-5
Let l(s) = 6*s + 13. Calculate l(17).
115
Let k(j) = 88*j + 3086. Give k(-35).
6
Let h(t) = -55*t**3 - 4*t**2 + 4*t - 2. Determine h(1).
-57
Let s(w) = -304*w - 879. What is s(-3)?
33
Let g(r) = r**3 + 5*r**2 - 11*r + 3. Determine g(3).
42
Let m(v) = -1062*v - 8502. What is m(-8)?
-6
Let u(y) = y**3 - 7*y**2 - 31*y - 9. Give u(-5).
-154
Let a(c) = -5*c**3 + 14*c**2 + 5*c + 7. Determine a(3).
13
Let l(v) = v**3 - 12*v - 32. What is l(-2)?
-16
Let m(w) = -33*w + 4832. Calculate m(146).
14
Let h(i) = -i**3 + 20*i**2 - 22*i - 16. Give h(19).
-73
Let r(z) = -34*z - 11. Calculate r(0).
-11
Let w(h) = 4*h**3 - 22*h**2 + 21*h + 2. Give w(4).
-10
Let r(n) = 4*n**2 + 4*n - 169. Calculate r(-7).
-1
Let r(f) = -3*f**3 - 7*f**2 + 119*f + 242. Calculate r(-2).
0
Let s(i) = 25*i + 847. What is s(-39)?
-128
Let h(f) = -130*f + 780. Calculate h(6).
0
Let s(z) = 11*z**3 - 818*z**2 + 1097*z - 145. Calculate s(73).
1
Let s(k) = -4*k**2 - 64*k - 220. Determine s(-4).
-28
Let u(s) = -301*s - 46946. Determine u(-156).
10
Let r(y) = 51*y**3 - 8*y**2 + 14*y + 5. Calculate r(2).
409
Let n(y) = -3524*y - 17659. Calculate n(-5).
-39
Let r(x) = -558*x + 102. Determine r(0).
102
Let k(j) = 60*j + 669. Calculate k(-11).
9
Let j(q) = 38*q + 960. Calculate j(-33).
-294
Let b(z) = -6*z**2 + 8*z - 12. Give b(4).
-76
Let a(i) = -98*i - 185. Determine a(-2).
11
Let u(c) = 16*c**2 - 61*c + 17. Determine u(4).
29
Let k(i) = 10*i**3 - 15*i**2 + 46*i - 13. What is k(3)?
260
Let i(o) = -336*o + 2357. Calculate i(7).
5
Let l(s) = -s**3 - 2*s**2 - 18*s + 37. Determine l(2).
-15
Let i(f) = 22*f + 715. Calculate i(-33).
-11
Let p(o) = 3*o**2 - 54*o + 293. Determine p(5).
98
Let i(m) = 16*m**3 + 110*m**2 - 19*m - 10. Calculate i(-7).
25
Let m(n) = -23*n**2 + 193*n + 2. Give m(8).
74
Let o(k) = 12*k**2 - 2104*k + 673. Determine o(175).
-27
Let n(q) = -15*q - 38. Calculate n(-5).
37
Let b(k) = k**3 + 12*k**2 + 102*k + 841. Calculate b(-10).
21
Let o(y) = y**2 + 19*y + 94. Calculate o(-14).
24
Let k(s) = -s**3 - 169*s**2 - 654*s + 983. What is k(-165)?
-7
Let x(t) = t**3 + 8*t**2 - 7*t + 155. Determine x(-10).
25
Let f(k) = -2*k**2 + 125*k - 1007. Determine f(53).
0
Let g(b) = -9*b - 114. What is g(-13)?
3
Let g(s) = 3*s + 140. Calculate g(-16